he tens digit of 1085243?
4
What is the hundred thousands digit of 188080?
1
What is the thousands digit of 152997?
2
What is the hundred thousands digit of 7681544?
6
What is the ten thousands digit of 193497?
9
What is the ten thousands digit of 231194?
3
What is the tens digit of 973110?
1
What is the hundred thousands digit of 503488?
5
What is the hundred thousands digit of 1029064?
0
What is the units digit of 13561652?
2
What is the tens digit of 659822?
2
What is the hundreds digit of 469745?
7
What is the millions digit of 3109351?
3
What is the tens digit of 1792352?
5
What is the ten millions digit of 13264683?
1
What is the units digit of 374834?
4
What is the hundreds digit of 804706?
7
What is the tens digit of 218920?
2
What is the thousands digit of 320801?
0
What is the thousands digit of 272320?
2
What is the hundreds digit of 1824561?
5
What is the tens digit of 6614407?
0
What is the hundred thousands digit of 318756?
3
What is the ten thousands digit of 101879?
0
What is the hundred thousands digit of 8557124?
5
What is the hundreds digit of 1023736?
7
What is the hundreds digit of 363?
3
What is the ten thousands digit of 544792?
4
What is the thousands digit of 92917?
2
What is the hundreds digit of 143492?
4
What is the units digit of 12772189?
9
What is the tens digit of 28390103?
0
What is the units digit of 2356192?
2
What is the ten thousands digit of 706415?
0
What is the hundreds digit of 869396?
3
What is the thousands digit of 9136734?
6
What is the hundred thousands digit of 269545?
2
What is the thousands digit of 18978007?
8
What is the hundreds digit of 82836?
8
What is the units digit of 9568674?
4
What is the hundreds digit of 285992?
9
What is the ten thousands digit of 675053?
7
What is the hundreds digit of 38300?
3
What is the millions digit of 2483729?
2
What is the units digit of 384970?
0
What is the units digit of 5708437?
7
What is the units digit of 807294?
4
What is the hundred thousands digit of 190815?
1
What is the thousands digit of 205628?
5
What is the millions digit of 1245933?
1
What is the hundred thousands digit of 631134?
6
What is the ten thousands digit of 1715100?
1
What is the hundred thousands digit of 213425?
2
What is the ten thousands digit of 16337?
1
What is the hundreds digit of 27825369?
3
What is the units digit of 337254?
4
What is the units digit of 273123?
3
What is the ten thousands digit of 20572028?
7
What is the thousands digit of 4264101?
4
What is the hundreds digit of 4482389?
3
What is the units digit of 1843516?
6
What is the hundreds digit of 907375?
3
What is the ten thousands digit of 115938?
1
What is the tens digit of 726377?
7
What is the ten thousands digit of 217740?
1
What is the hundred thousands digit of 213804?
2
What is the units digit of 4613183?
3
What is the ten thousands digit of 689819?
8
What is the thousands digit of 4014270?
4
What is the hundred thousands digit of 1740074?
7
What is the hundreds digit of 4124189?
1
What is the tens digit of 155249?
4
What is the tens digit of 229166?
6
What is the hundreds digit of 3221939?
9
What is the tens digit of 3539476?
7
What is the ten thousands digit of 1383854?
8
What is the tens digit of 286042?
4
What is the hundred thousands digit of 762385?
7
What is the millions digit of 12151407?
2
What is the millions digit of 5839397?
5
What is the ten thousands digit of 640191?
4
What is the tens digit of 42596?
9
What is the thousands digit of 154639?
4
What is the millions digit of 1758571?
1
What is the units digit of 65004?
4
What is the tens digit of 19137853?
5
What is the ten thousands digit of 64289?
6
What is the thousands digit of 7305324?
5
What is the ten thousands digit of 37633317?
3
What is the ten thousands digit of 319940?
1
What is the ten thousands digit of 833487?
3
What is the ten thousands digit of 6280719?
8
What is the thousands digit of 386288?
6
What is the tens digit of 3340?
4
What is the tens digit of 31143?
4
What is the hundred thousands digit of 223011?
2
What is the units digit of 5361504?
4
What is the tens digit of 5631434?
3
What is the hundred thousands digit of 432702?
4
What is the hundreds digit of 218093?
0
What is the units digit of 64857?
7
What is the tens digit of 213174?
7
What is the units digit of 137549?
9
What is the units digit of 3886748?
8
What is the hundreds digit of 1383573?
5
What is the millions digit of 5006190?
5
What is the hundred thousands digit of 956845?
9
What is the hundreds digit of 209566?
5
What is the units digit of 17967664?
4
What is the ten thousands digit of 325865?
2
What is the hundred thousands digit of 2532341?
5
What is the millions digit of 2289961?
2
What is the thousands digit of 125097?
5
What is the tens digit of 242529?
2
What is the units digit of 224973?
3
What is the hundreds digit of 29149?
1
What is the tens digit of 571618?
1
What is the hundred thousands digit of 2824730?
8
What is the ten thousands digit of 2563294?
6
What is the ten thousands digit of 456000?
5
What is the thousands digit of 953147?
3
What is the thousands digit of 3187148?
7
What is the tens digit of 390975?
7
What is the ten thousands digit of 10332739?
3
What is the thousands digit of 263291?
3
What is the units digit of 202775?
5
What is the units digit of 61337?
7
What is the ten millions digit of 13062313?
1
What is the millions digit of 1005762?
1
What is the thousands digit of 30562460?
2
What is the thousands digit of 2624429?
4
What is the hundreds digit of 46669?
6
What is the hundreds digit of 440867?
8
What is the hundred thousands digit of 181791?
1
What is the units digit of 1038824?
4
What is the thousands digit of 9190960?
0
What is the ten thousands digit of 3670650?
7
What is the units digit of 15697939?
9
What is the hundred thousands digit of 117439?
1
What is the thousands digit of 773590?
3
What is the millions digit of 4497901?
4
What is the thousands digit of 3618942?
8
What is the thousands digit of 4620380?
0
What is the ten thousands digit of 18915357?
1
What is the units digit of 615901?
1
What is the hundreds digit of 508245?
2
What is the millions digit of 3373049?
3
What is the millions digit of 1819500?
1
What is the thousands digit of 2501117?
1
What is the tens digit of 1167679?
7
What is the hundreds digit of 175328?
3
What is the thousands digit of 595384?
5
What is the ten thousands digit of 438372?
3
What is the units digit of 3592196?
6
What is the hundreds digit of 224654?
6
What is the thousands digit of 6914220?
4
What is the units digit of 700236?
6
What is the hundred thousands digit of 2003539?
0
What is the tens digit of 72984?
8
What is the hundreds digit of 3484409?
4
What is the millions digit of 1156028?
1
What is the thousands digit of 1052457?
2
What is the ten thousands digit of 806567?
0
What is the hundreds digit of 354023?
0
What is the tens digit of 20627?
2
What is the hundred thousands digit of 9107203?
1
What is the ten thousands digit of 10254243?
5
What is the units digit of 30822925?
5
What is the millions digit of 1524002?
1
What is the units digit of 629065?
5
What is the ten thousands digit of 19670?
1
What is the thousands digit of 65833?
5
What is the hundred thousands digit of 1273283?
2
What is the hundred thousands digit of 354343?
3
What is the tens digit of 571908?
0
What is the units digit of 9576765?
5
What is the thousands digit of 1319338?
9
What is the ten thousands digit of 2099328?
9
What is the thousands digit of 787074?
7
What is the thousands digit of 680684?
0
What is the hundred thousands digit of 334001?
3
What is the thousands digit of 1870313?
0
What is the tens digit of 226573?
7
What is the thousands digit of 67347?
7
What is the ten thousands digit of 4874178?
7
What is the thousands digit of 155765?
5
What is the hundred thousands digit of 177188?
1
What is the ten thousands digit of 1974055?
7
What is the units digit of 1436289?
9
What is the millions digit of 2464120?
2
What is the millions digit of 4752728?
4
What is the millions digit of 37024105?
7
What is the tens digit of 173669?
6
What is the thousands digit of 24133803?
3
What is the hundred thousands digit of 18761632?
7
What is the tens digit of 96308?
0
What is the units digit of 8302